inder when h is divided by 8.
4
Suppose 5*s = 4*s, 0 = -3*d + 2*s + 9. Suppose 1 = 3*n - 8. Calculate the remainder when d is divided by n.
0
Let n be 2*1 + 6/2. Suppose -3 = 3*s + 4*v, -s = -6*s - n*v. What is the remainder when 7 is divided by s?
1
Suppose 0 = -f + 6 + 2. Suppose -2*d = -6 - f. Let w = -4 + 17. What is the remainder when w is divided by d?
6
Let y(m) = -m**3 - 10*m**2 + 13*m + 15. Let s be y(-11). What is the remainder when 56 is divided by -3*5*(-8 - s)?
11
Let f(s) be the second derivative of -s**5/20 + 7*s**4/12 + 5*s**3/3 - 2*s. What is the remainder when 47 is divided by f(8)?
15
Let j(d) = d**2 + 3. Let o be j(0). Suppose m - 51 = -y - 2*y, -51 = -3*y + o*m. What is the remainder when y is divided by 10?
7
Let n(b) = b + 44. Calculate the remainder when n(-16) is divided by 10.
8
Suppose -5*w + 25 = -d + 3, w = 5*d + 14. Calculate the remainder when 49 is divided by w/10 - (-252)/20.
10
Suppose -3*r = -8*r + 25. Calculate the remainder when 13 is divided by r.
3
Calculate the remainder when (745/(-10))/((-1)/2) is divided by 30.
29
Let v = -31 - -43. What is the remainder when 58 is divided by v?
10
Let u be ((-3)/(-6))/(2/(-16)). Calculate the remainder when 5 is divided by u + 5 - (0 + -2).
2
Let k be (-2 - 76)/((-6)/4). Let s = -18 + k. What is the remainder when s is divided by 12?
10
Calculate the remainder when 16 is divided by 3*1/(-3) - -4.
1
Let c(o) = 4*o**2 - 2*o + 5. Let d be c(8). What is the remainder when 31 is divided by 1/(-3) + d/15?
15
Suppose 3*p = 4*v - 123, -3*v + p + 122 - 31 = 0. Suppose 5*o - v = 3*m, 2*m = -3*o - 0 - 1. Calculate the remainder when 24 is divided by 15 + m/((-10)/(-4)).
11
Let n = 90 + -88. Suppose -6 = -2*q - 2. Calculate the remainder when n is divided by q.
0
Suppose 3*o - 2 - 1 = 0. Let m(r) = -3*r**3. Let f be m(1). What is the remainder when (f + o)/(1/(-14)) is divided by 15?
13
Let t(s) = 2*s**2 + 2*s - 2. Let b be t(-2). Suppose b*r + 5*k - 5 = 0, -3*k = -r + 7 + 1. Let c = r - -15. What is the remainder when c is divided by 7?
6
Let n = 86 + -74. Calculate the remainder when 69 is divided by n.
9
Suppose 2*k + 3*h = -6, -4*k - 9 = -k - 4*h. Let o be (-7)/(-21) - (-13)/k. What is the remainder when 20 is divided by (o/6)/(6/(-63))?
6
Suppose -7*s + 3*s + 324 = 0. What is the remainder when s is divided by 21?
18
Let q = -12 + 14. Suppose -91 = -5*j - a, q*a = -2 - 6. What is the remainder when j is divided by 7?
5
Suppose -4*w + 2*s = -w - 33, -3*w + 33 = -s. Let d = 1 - w. Let t = 18 + d. Calculate the remainder when 22 is divided by t.
6
Calculate the remainder when 16/4 + -4 + 52 is divided by 38.
14
Calculate the remainder when 5 + (-5 - 3) + 1*97 is divided by 19.
18
Let v be (-8)/20 - (-203)/(-5). Suppose 2*y - 125 = 15. Let p = y + v. What is the remainder when p is divided by 15?
14
Let u be (-6)/24 - (-458)/8. Suppose 2*g - u = -g. What is the remainder when 74 is divided by g?
17
Suppose -4*d + 38 = 2*q - 270, -3*q + 162 = 2*d. Calculate the remainder when d is divided by 19.
18
Let r(j) = 19*j - 38. Calculate the remainder when r(7) is divided by 48.
47
Suppose 2*m = 2*i + 2, 3*i = -2*m + 7*i. Suppose 0*t - 10 = -m*t. Suppose -3*w + l + 61 = 10, t*l = 0. What is the remainder when w is divided by 10?
7
Let i(l) = 57*l**2 - l. Let p be i(2). What is the remainder when p/6 + (-8)/12 is divided by 17/1 + (-4)/(-2)?
18
Let r be (-2)/4 + (-2312)/16. Let b = r + 203. Calculate the remainder when b is divided by 15.
13
Let z = 6 - -1. Let t(m) = -m**3 + 2*m**2 - 2*m + 25. Calculate the remainder when t(0) is divided by z.
4
Suppose 3*z - 72 = -z. Let f = -8 - -6. Calculate the remainder when (0 + f)*53/(-2) is divided by z.
17
Suppose -2*h - 2*a + 50 = 3*h, 3*a + 20 = 2*h. Let g(p) = 7*p - 2. Calculate the remainder when g(3) is divided by h.
9
Suppose 4*c - 8 + 0 = 0. Let z(b) = -12*b - c + 4*b + 2 - 3. Calculate the remainder when z(-2) is divided by 5.
3
Let g = 100 + -63. Calculate the remainder when g is divided by (-3 + 1)/((-3)/15).
7
Let x(f) = f. Let b(k) = 2*k - 1. Let w(y) = 3*b(y) - 7*x(y). Calculate the remainder when w(-5) is divided by 1.
0
Suppose 5*q = q - 88. Let b = q - -44. What is the remainder when b is divided by 8?
6
Suppose -3*i = -4*l + 57, -l + 3*i + 19 = 7*i. Let z = 8 - -12. Suppose a - 24 = z. Calculate the remainder when a is divided by l.
14
Suppose 3*o - o - 52 = 0. Calculate the remainder when 49 is divided by o.
23
Let a be -3 + (-18)/(-5 + 2). Suppose -v = -x - 27, 2*v - 7*v - 2*x + 128 = 0. What is the remainder when v is divided by a - 3/(9/(-33))?
12
Calculate the remainder when 113 is divided by ((-38)/(-5))/(20/50).
18
Let h(i) = i. Calculate the remainder when -1 - (-6 - 0/1) is divided by h(4).
1
Suppose u + 2*l - 4 = 0, -8*u - 4 = -5*u - 2*l. Suppose u*a - 17 = -a. Calculate the remainder when 33 is divided by a.
16
Let y = 90 + -17. What is the remainder when y is divided by 19?
16
Suppose -n - 4*n + 50 = 0. What is the remainder when ((-19)/(-5))/(4/20) is divided by n?
9
Let i = -237 - -351. Calculate the remainder when i is divided by 29.
27
Let k = 64 + -46. What is the remainder when k is divided by 12?
6
Suppose 39*h = 42*h - 111. Calculate the remainder when h is divided by 11.
4
Calculate the remainder when 76 is divided by 474/24 - (-1)/4.
16
Calculate the remainder when ((-95)/(-10))/((-1)/(-4)) is divided by 1*15 - (-2 - -4).
12
Suppose 0 = 7*r - 2*r + 15. Let l(z) = -z + 28. What is the remainder when l(0) is divided by -3*(-1)/r*-10?
8
Let g = 30 + -12. Let q = -15 + g. What is the remainder when 10 is divided by q?
1
Let o(h) = h**3 + 3*h**2 - 2*h + 1. What is the remainder when o(2) is divided by 7?
3
Let s(r) = r**2 + r - 2. Let j be s(2). Suppose -64 = -2*i + 2*n - 0*n, 2*i - j*n = 70. Calculate the remainder when i is divided by 8.
5
Suppose u + 3 = 0, b - 427 = -3*b + u. Calculate the remainder when b is divided by 27.
25
Let t(g) = 4*g**2 - 3*g**2 - 25 + 26. Let m be ((-8)/(-6))/(3/(-9)). Calculate the remainder when 33 is divided by t(m).
16
Suppose -3*d + 3*v + 54 = 0, -d = -6*d - 2*v + 76. Suppose 4*j - 144 = -20. What is the remainder when j is divided by d?
15
Let x(i) = -i + i**2 + 0*i - i - 1. Let g be x(4). What is the remainder when 100/7 + (-2)/g is divided by 5?
4
Suppose 28*j = 10*j + 72. Let n = 25 - 15. What is the remainder when n is divided by j?
2
Suppose 9 = 5*a - 16. Suppose a*r - 18 = -3. Calculate the remainder when 4 is divided by r.
1
Let r(t) = t**2 + 2*t - 1. Let m be r(-3). Suppose i + 4*c = 23, 5*i + 3*c = m*i + 42. What is the remainder when i is divided by 7?
4
Suppose -3*t + z = -65, 0 = z - 0*z - 1. What is the remainder when 65 is divided by t?
21
Let f(d) = -2*d. Let p be f(-4). Calculate the remainder when 110 is divided by 14/(-4)*(p + -16).
26
Let u = -2 + 26. What is the remainder when 166 is divided by u?
22
Let r(k) = 6 - k**2 + 2*k**3 + k**3 + 0*k**3 - k**3. What is the remainder when r(3) is divided by 18?
15
Suppose 4*s = -3*o + 123, -o + 2*s = -s - 54. Calculate the remainder when o is divided by 8.
5
Suppose 2*p + 18 - 62 = 0. What is the remainder when p is divided by 12?
10
Suppose 2*u - 4 - 18 = 0. Let l = -193 - -235. What is the remainder when l is divided by u?
9
Calculate the remainder when (-198 + -9)*(-2)/6 is divided by 18.
15
Suppose 0 = -4*w - 5*s + 30, -3*w + 4*s + 7 = -0. Suppose 4*u - 49 = -5*p, 0*p - w*u + 50 = 5*p. Calculate the remainder when p is divided by 5.
4
Let p be (-292)/20 - 2/5. Calculate the remainder when 4/10 + (-834)/p is divided by -3*2/(-6)*19.
18
Let u = 8 + 2. Let d(s) be the second derivative of 19*s**5/20 - s**4/12 + s**2/2 - 8*s. Calculate the remainder when d(1) is divided by u.
9
Let s = -25 - -38. Calculate the remainder when 49 is divided by s.
10
Let t = -9 + 15. Calculate the remainder when 9 is divided by t.
3
Let w = 24 + -14. Suppose 0 = -o + 93 - w. Let x = o + -42. Calculate the remainder when x is divided by 14.
13
Suppose 4*y + 4*w + 32 = 0, 3*y - 4*w - 8 = w. Let h = y + -6. Let u = h - -20. Calculate the remainder when 19 is divided by u.
9
Let d be 5 - -2 - (2 + 1). Calculate the remainder when 28 is divided by 10*6/16*d.
13
Let g = 14 + -6. Let h(f) = 15 + 6*f**2 - 15 - 9*f + f**3. What is the rema